ors of x.
2, 13
Let t be 12/3 - (-9)/3. Suppose -v + 3*i - 19 = 0, -t*v - 63 = -2*v + i. Let r = 4 - v. List the prime factors of r.
17
Let u be (-4)/(-6)*711/6. Suppose -1327 = -26*x + 51. Let o = u - x. What are the prime factors of o?
2, 13
Let k be (4/(-7))/(4/(-28)*2). Let f(w) = 3 - w + 0 + 1. List the prime factors of f(k).
2
Suppose -5*y + 15 = 0, 22 = 2*i + 3*y + 3. Suppose -4*o + 1888 = 2*t + 756, 0 = -i*o + 3*t + 1404. List the prime factors of o.
2, 3, 47
Suppose -3*h - 7 = -3*c + 56, 3*c + 3*h = 87. Let j = 82 - c. What are the prime factors of (-12)/8 - j/(-2)?
3
Suppose -2 = 4*r - 2*c, 5*r + 0*r - 4*c + 10 = 0. Suppose -210 = -4*f + 2*j, 2*f + r*j = -2*j + 100. What are the prime factors of f?
2, 13
Let q(v) = -v + 24. Suppose 0 = -10*f + 3 + 37. What are the prime factors of q(f)?
2, 5
Suppose p = -f - f - 2, 0 = -4*p + 3*f + 3. Suppose p = -2*m + s + 613, -4*m - 12*s + 8*s = -1256. List the prime factors of m.
3, 103
Suppose 0*g - 4*g + 8 = 0. Let b(k) = -22 - 2*k**2 + 0*k**2 + 3*k**g + 15. What are the prime factors of b(-4)?
3
Let z = -974 + 1480. List the prime factors of z.
2, 11, 23
Let p = 3 + 7. Suppose 4*c = 2*v + p, -c + 4 = -6*c - 3*v. List the prime factors of (0 - 2 - -6)/c.
2
Suppose 459*l + 2415 = 462*l. List the prime factors of l.
5, 7, 23
Let u = 404 + 16. List the prime factors of u.
2, 3, 5, 7
Let q = -2556 + 7640. What are the prime factors of q?
2, 31, 41
Let y = 26 + 12. Suppose -y = -5*c + 107. List the prime factors of c.
29
List the prime factors of 2/(-4)*(-2887 - -129).
7, 197
Let h(u) = 6*u**3 + 14*u**2 + 9*u + 18. Let x(p) = -5*p**3 - 15*p**2 - 9*p - 19. Let z(f) = 4*h(f) + 5*x(f). List the prime factors of z(-19).
2, 37
Let k(h) = 3*h + 33. Let l be k(-10). Suppose 2*d = 5*z + 20, 3 = -4*z - 2*d + d. What are the prime factors of 357/(-7)*z/l?
2, 17
Let l = -28 + 31. Suppose 3*j = -4*s + 10 - 1, 0 = l*s + 4*j - 12. Suppose 3*d + 69 = 3*c - 0*d, s = -5*c - 3*d + 131. What are the prime factors of c?
5
Let n(i) = 2*i**2 - 4*i - 4. Let q(d) = -4*d**2 + 4*d + 5. Let b(z) = -4*n(z) - 3*q(z). List the prime factors of b(-4).
7
Let h be 86/3 - 24/(-18). Let g = h - 28. Suppose -5*z + 171 = -g*z. List the prime factors of z.
3, 19
Let a = 6405 - 4575. List the prime factors of a.
2, 3, 5, 61
Suppose 5*y + 8 = 28. Suppose 5 - 1 = -y*f - 4*b, 0 = 3*f + 4*b + 2. What are the prime factors of ((-4)/8)/(f/88)?
2, 11
Suppose -d - 25 = -5*j, 0 = -3*j + d + 3*d + 32. Suppose -210 = f - j*f. Let a = f + -35. What are the prime factors of a?
5, 7
Let i(j) = j**3 + 9*j**2 + 9*j + 2. Let v be i(-8). Let t(r) = -2*r + 9. Let z be t(v). What are the prime factors of 6*1/3 + z?
23
Suppose 5*f - 3*k - 779 = 0, -3*f - 3*k + 274 + 203 = 0. Let y = f + -83. What are the prime factors of y?
2, 37
What are the prime factors of -3*(-10)/(-45)*(-2189 + -4)?
2, 17, 43
Suppose 5*y + 26*i = 22*i + 12490, -y + i + 2507 = 0. What are the prime factors of y?
2, 3, 139
Let v be ((-4)/(-4))/(1 + 12/(-10)). Let y(l) = l**3 + 6*l**2 + 5*l + 17. List the prime factors of y(v).
17
Let g be 4/6*(-1197)/(-14). Let l be -1*(-1 + (-2)/1). Suppose a = -3*y + 21 + 3, 4*y - g = -l*a. What are the prime factors of a?
3, 5
Let u = -294 + 987. List the prime factors of u.
3, 7, 11
Let t be (2 + -2)/(-1) - -216. Suppose 0 = 2*u - 6, -2*c + 5*u = -5*c + t. List the prime factors of c.
67
What are the prime factors of (-28)/49 + 156/28?
5
Let k(o) be the second derivative of o**3/6 + 7*o**2 + 6*o. Let a be k(-18). List the prime factors of (a/(-6))/(14/357).
17
Suppose 3*n = 5*a + 7*n - 2855, -n - 1142 = -2*a. What are the prime factors of a?
571
Suppose -5*l + 9*u + 50 = 11*u, 2*l = -u + 19. Let i(o) = -o**3 + 15*o**2 - 15*o + 42. List the prime factors of i(l).
2, 3, 7
Suppose 0 = 15*u - 10*u + v - 4830, -2*v = 10. List the prime factors of u.
967
Let o be (-2)/8 - 325/(-52). Let d(u) = 3*u**2 - 4*u + 7. List the prime factors of d(o).
7, 13
Let i be 7/42 + (-658)/(-12). Let v be (44/i)/(2/(-10)). Let o(u) = 3*u**2 + 5*u - 1. List the prime factors of o(v).
3
Suppose -14*l = -3*l - 2464. List the prime factors of l.
2, 7
Let h(l) = 27*l**2 + 2*l - 1. Let m = 5 - -2. Suppose -6*k + m*k - 1 = 0. List the prime factors of h(k).
2, 7
Let s = -7011 + 10175. List the prime factors of s.
2, 7, 113
Suppose 33*k = 30*k - 9. Let c(r) = -4*r**3 + 7*r + 1. List the prime factors of c(k).
2, 11
Suppose 4*t = -5*j + 3466, 4*j - 2772 = -4*t - 0*t. List the prime factors of j.
2, 347
Let p(w) = w**3 + 4*w**2 + 2. Let c be p(-4). Suppose -c*m - 15 = -7*m. What are the prime factors of -2 + 3*29/m?
3
Suppose -4*o = -n + 2658, 2682 = -5*n - o + 16035. What are the prime factors of n?
2, 3, 5, 89
Let m(i) = i - 6. Let j be ((-22)/8)/((-1)/(-4)). Let l(v) = 3*v - 11. Let x(o) = j*m(o) + 6*l(o). List the prime factors of x(3).
3, 7
Let k = 130 + 307. Suppose 7*u - k - 1278 = 0. List the prime factors of u.
5, 7
Let a(f) = -f**3 - 7*f**2 + 8*f + 7. Let q be a(-8). Suppose 0 = -u + 2*r + 4, 5*u - 20 + q = 3*r. List the prime factors of (u/(-6))/((-12)/1332).
37
Suppose 5*s + 22 = -38. Let l = -7 - s. Suppose l*h - 192 = -4*m, h + 3*m = -2*m + 30. What are the prime factors of h?
2, 5
Let l(y) = -3*y + 10. Suppose 5*m + 25 = 4*t, -4 = 2*m - 2*t + 6. Let i = -12 - m. List the prime factors of l(i).
31
What are the prime factors of -14 + 6 + 13 + 132*1?
137
Suppose 33 - 13 = -5*g. Let s be (-3)/(-1*(-3 - g)). Suppose -8 = -y - s*y. What are the prime factors of y?
2
Let x be (4 - 4) + -12 + 5 + -1. List the prime factors of 498/4 + x/16.
2, 31
Suppose -3*s + p - 4 = -19, s + 2*p = 12. Suppose 0*c = -s*c + 636. What are the prime factors of c?
2, 53
Suppose -27927 = 22*t - 31*t. What are the prime factors of t?
29, 107
Suppose 30 = -3*f - m, 37 = -f - f + 5*m. Let n = f + 321. Suppose 2*i - 7*i + n = 0. What are the prime factors of i?
2, 31
Suppose -k + 4 = 3*k, 5*k = -5*d + 20. Suppose -d*o + 2*g = -10 - 3, 2*o = -2*g - 8. What are the prime factors of 1/(o*(-4)/(-56))?
2, 7
Let o(d) = -d**2 - 35*d - 89. List the prime factors of o(-5).
61
What are the prime factors of (15 - 2)/((-1)/(-31))?
13, 31
Suppose 5*h = 3*s + 530, 231 = 2*h - 3*s - 2*s. Suppose -494 = -3*c + h. What are the prime factors of c?
199
Suppose 4*a + 3876 = 5*l, 3*a - 2*a = 4*l - 3103. What are the prime factors of l?
2, 97
Let q = -19 - -26. Let y = q + -3. What are the prime factors of y?
2
Let x(f) = -f - 17. Let z be x(-20). What are the prime factors of z*4/(-12)*-55?
5, 11
Let x(m) = 3*m + 14. Let y be x(0). Suppose 10*a - y*a + 364 = 0. List the prime factors of a.
7, 13
Suppose 0*l = 4*l - 20. Let c(o) = l - 2 + 2 + 1 + 3*o. What are the prime factors of c(10)?
2, 3
Suppose -7*g - 5*g = 696. Let i = 66 + g. List the prime factors of i.
2
Let g(d) = -d**2 + 16*d - 11. Let c be g(15). Suppose -483 = -5*o - f + c, 181 = 2*o + 5*f. What are the prime factors of o?
2, 7
Let u = 1473 - -928. What are the prime factors of u?
7
Suppose r - 255 = -159. What are the prime factors of r?
2, 3
Let s be ((-16)/(-24))/((-2)/(-555)). Suppose 5*o = s - 25. What are the prime factors of o?
2
Let r = 66 + 903. What are the prime factors of r?
3, 17, 19
Suppose 0 = 6*h - 2*h + 4*k - 40, k = 4*h - 15. Suppose s = -0*s + 78. Suppose 4*q = -4*d + 176, -4*d + s + 147 = h*q. What are the prime factors of q?
7
Suppose 4*l = -5*a + 3653, 9*a + 2696 = 3*l + 4*a. What are the prime factors of l?
907
List the prime factors of 4/(-15)*5 + 1838/6.
5, 61
What are the prime factors of 10/(-35) + 24895/35 + 2?
23, 31
What are the prime factors of -10 + -5*(-135)/25?
17
Let n(y) = -y**3 + 29*y**2 + 42*y + 47. List the prime factors of n(29).
5, 11, 23
Let p(a) = a - 8. Let u be p(4). List the prime factors of ((-308)/(-33))/(u/(-6)).
2, 7
Let r(w) = -24*w - 130. List the prime factors of r(-36).
2, 367
Suppose 3*q = 4*u + 11 + 11, 4*q - 16 = 2*u. What are the prime factors of (15 + 106 - 4/q) + -1?
2, 59
Suppose 0 = -33*z + 32*z + 680. Suppose 4*p - z = w, 4*p + 5*w - 575 = 105. What are the prime factors of p?
2, 5, 17
Suppose 3*c - 7*c - 8 = 0. List the prime factors of 2 - (-11 + (c - 1)).
2
Let y = -1149 - -2061. List the prime factors of y.
2, 3, 19
Let p(r) = 2*r**2 + 2*r + 0*r**2 + r**2 - 6*r + r**3 + 2. Let q be p(-4). S